e 0 = o - 2. Let g be o/9 - (-6)/(-27). Suppose u + 5 + g = 4*w, w - 2*u + 4 = 0. What is the highest common factor of w and 2?
2
Let i be (-56)/(-4)*5/10 - 3. Let n be (-1)/4 - 129/(-4). What is the greatest common divisor of i and n?
4
Suppose m = 5*k - 0*k - 5, -70 = -4*m + 2*k. Calculate the greatest common factor of 4 and m.
4
Let v(d) = -d - 4. Let s be v(-4). Let z be -4 + -113 - (0 + s). Let b = z + 202. Calculate the greatest common divisor of 17 and b.
17
Suppose 5*o = -3*c + 9, 0 = c + 2*o - 0 - 2. Let j = 10 - c. Calculate the greatest common divisor of j and 4.
2
Suppose 0 = l - 3*m - 0 + 3, 15 = 5*m. Suppose l*b - b = 165. Let t = -23 + b. What is the greatest common factor of t and 60?
10
Let x = -120 + 140. What is the highest common divisor of 20 and x?
20
Let x be 8 + (-4)/(-6)*3. Let v be (-4)/3*(-15)/x. Suppose v*l = 7*l - 5. Calculate the highest common divisor of l and 3.
1
Let m(b) = -b**3 - b**2 + b - 1. Let g be m(-2). Let a be 0/(g - 3) - -2. Let c be (-2)/a + 126 + -4. What is the highest common divisor of c and 11?
11
Let k be (2/16 - (-57)/(-72))*-27. What is the greatest common divisor of 63 and k?
9
Suppose 5*c = 2*u + 94, -9 = 4*c + u - 79. Calculate the highest common factor of 27 and c.
9
Suppose -915 = -6*r - 15. What is the greatest common factor of 20 and r?
10
Let y(v) = 2*v**2 + 3*v + 1. Let m = -12 - -8. Let a be y(m). Calculate the highest common factor of a and 14.
7
Let s = 23 + 194. What is the greatest common divisor of 7 and s?
7
Let y = 20 - 11. Calculate the greatest common factor of 99 and y.
9
Let a = -1 - -3. Suppose a*g - g = 14. Suppose y - 58 = -m, -5*m = -4*y - 43 + 257. What is the greatest common factor of g and y?
14
Let v = -35 + 51. Calculate the highest common factor of v and 4.
4
Let i be -5 + 4 - 45*-1. Calculate the highest common factor of i and 110.
22
Suppose -5*z + 2*h - 7*h + 20 = 0, z + 2 = 2*h. Suppose -j - 3*v + 16 = z*v, -j = v - 20. Calculate the greatest common divisor of j and 14.
7
Let d be 2/4 + 18/12. Suppose 32 = -0*v + d*v + f, -f = 4. Calculate the greatest common factor of 27 and v.
9
Let d be 3 + ((2 - 4)/(-2))/1. What is the highest common factor of 36 and d?
4
Let y = 9 - 9. Suppose 3*j - 12 = -3*g + 2*g, y = 4*g - j - 35. What is the highest common divisor of g and 18?
9
Let v = 37 + -22. What is the highest common factor of 10 and v?
5
Let h(l) be the second derivative of l**4/12 - 2*l**3/3 + 3*l**2/2 - 2*l. Let a be h(6). What is the greatest common divisor of 75 and a?
15
Suppose 5*j + 11 = -3*t, -3*j - 17 = -3*t - j. Suppose -o - o + 18 = 2*c, t*c = 5*o + 51. What is the greatest common divisor of c and 12?
12
Suppose 5*n + 0 = -5. Let f = n + 73. What is the highest common divisor of 9 and f?
9
Let k be 26/6 + 8/(-24). Suppose -k = -d - d. Suppose -2*a = -d - 8. Calculate the highest common factor of a and 20.
5
Suppose u - 151 = -3*t, 2*t + 109 = 4*t - u. Let o(a) = -129*a + 1. Let m be o(-1). Calculate the greatest common factor of t and m.
26
Let k be 3 + -6 - (-20 - -3). Calculate the greatest common divisor of 112 and k.
14
Suppose -7 - 41 = -12*p. Suppose -5*v = 4*l - 122, -4*l + 0*v + 110 = -v. Calculate the greatest common factor of p and l.
4
Let o be (-13)/(-2) - (-2)/4. Let d = 5 + -6. Let f be 55/1 + d + 2. What is the highest common divisor of f and o?
7
Suppose 122 + 70 = 4*l - 4*j, 4*l = 3*j + 190. Calculate the greatest common factor of l and 69.
23
Let d(c) = 7*c + 1. Let v be d(-1). Let p be ((-14)/v)/((-3)/(-9)). What is the highest common factor of 28 and p?
7
Let w be (-7)/(14/6) - -57. Calculate the highest common factor of 6 and w.
6
Suppose -6*l = -l - 10. Let n be -4 + l - -63*1. Let y = -43 + n. What is the highest common factor of 9 and y?
9
Let y be -1 - (4 + -1 + -12). Let b be 8/2 + 0/(-3). What is the highest common factor of b and y?
4
Let a be 34/5 - 2/(-10). Let g(t) = t + 5. Let w be g(a). Calculate the greatest common divisor of 84 and w.
12
Suppose 3*o = -2*o. Let r be o - (-1 + 66)/(-1). What is the greatest common divisor of r and 13?
13
Let m be (40/3)/((-2)/(-3)). What is the greatest common factor of 10 and m?
10
Let f = -52 + 164. Let l = 7 + -5. Let n be l/(-4)*-7*4. Calculate the highest common factor of n and f.
14
Let h(g) = -g**2 + 11*g - 4. Let v be h(7). Let o = 4 + v. Calculate the highest common divisor of o and 4.
4
Let o = -228 + 119. Let g = -34 - o. Calculate the greatest common factor of g and 15.
15
Suppose -2*f - 2*f - 3*y + 20 = 0, -3*f + 3*y = -15. Let p = f - 0. Let m = -26 - -51. Calculate the greatest common divisor of p and m.
5
Suppose 140 = m - 5*f, 3*m = f + 3*f + 398. Let c(x) = -x**2 + 9*x - 5. Let b be c(6). What is the greatest common factor of m and b?
13
Let i = -11 + 20. Let j(b) = b + 2. Let c be j(0). Let a be c/9 + 1938/27. What is the highest common factor of a and i?
9
Let y(p) = -2*p. Let c be y(-5). Let t be 1 - (-2 + -1 + -26). What is the greatest common divisor of c and t?
10
Let u = 8 + -14. Let m be 4 - 0/(u/3). Suppose 0 = -m*n + 4*t + 132, 2*n = -5*t + 98 + 3. Calculate the greatest common factor of 19 and n.
19
Suppose -7*f + 5*f + 32 = 0. Calculate the highest common factor of f and 176.
16
Let z(n) = -112*n**3 - n**2 - 2*n - 1. Let o be z(-1). Suppose -o = -4*q + 2*q. Let s be (7 - 1)*(-8)/(-6). Calculate the highest common divisor of s and q.
8
Let k(i) = -i**3 - 5*i**2 + i + 7. Let l be k(-5). Let g be (8/3)/((-4)/(-30)). Suppose -l*j + g = 2. Calculate the highest common factor of 9 and j.
9
Let x be 78/(-9) + 6/9. Let r be 2/x + 438/24. Calculate the highest common factor of r and 144.
18
Let u(v) = -40*v - 1. Let n be -1*(-3)/(-6)*2. Let i be u(n). Let k = 44 + -31. Calculate the greatest common divisor of i and k.
13
Let s be (2/(-3))/((-6)/126). Calculate the greatest common factor of s and 112.
14
Let m(w) = w**3 - 5*w**2 + 1. Let n(d) = -d**2 - 9*d + 5. Let z be n(-9). Let y be m(z). Calculate the greatest common factor of y and 4.
1
Let k be (1764/(-70))/(9/(-30)). Calculate the highest common factor of k and 24.
12
Let s be (-10)/(2 + 12/(-3)). Suppose t - 5*z - 2 = 0, -50 = -5*t + s*z - 0*z. What is the greatest common divisor of 6 and t?
6
Let o(j) = j + 5. Suppose -z + 2 = 3*t - 2*z, -5*t + 4*z + 8 = 0. Let b be o(t). Suppose -216 = -b*n + 54. Calculate the highest common divisor of n and 36.
18
Suppose 0 = -0*a - a. Suppose -4*p + 8 = -a. Suppose -p*l + j = -22, 0 = -5*l + j + 3*j + 58. What is the highest common factor of 50 and l?
10
Let t(k) = 38*k**2 + 1. Let h be t(-1). Suppose -36 = 5*l - 6. Let w be 52/(-10)*(l - -1). Calculate the highest common divisor of w and h.
13
Let f = 12 + -7. Suppose -f*a + 3*i + 18 + 26 = 0, -a - 5*i = 8. Calculate the greatest common factor of a and 63.
7
Suppose -l + 4 = 2. Suppose 3*r - l*k = 2*r + 28, 5*r = -k + 151. Suppose 9 + 21 = 5*v. Calculate the highest common divisor of r and v.
6
Let s(p) = 5*p - 9 - 3*p + 12*p. Let i be s(-9). Let y = i - -245. Calculate the highest common divisor of 10 and y.
10
Suppose 3*u - 15 = 2*u + 2*g, 42 = 2*u + 2*g. What is the greatest common factor of 76 and u?
19
Let r(p) = 8*p**2 - 14*p - 5*p**2 + 4*p. Let q be r(7). Calculate the highest common divisor of 7 and q.
7
Let b(z) = z + 2. Let w = 10 + -11. Let s be b(w). Calculate the highest common divisor of s and 4.
1
Suppose 0 = -v + 2*j + 2, 3*v + 3*j = 7 + 17. What is the highest common divisor of v and 9?
3
Let m = 20 - -10. Calculate the highest common divisor of m and 30.
30
Suppose 10*b - 1120 = 3*b. What is the highest common divisor of 16 and b?
16
Let v(u) be the first derivative of 1/3*u**3 - 1 + 6*u + 3*u**2. Let m be v(-7). Calculate the greatest common divisor of 13 and m.
13
Let d(p) = 6*p**2 + p - 1. Suppose 11*v - 6*v - 5 = 0. Let f be d(v). Let k be 6 - 4 - (0 + -40). Calculate the greatest common divisor of f and k.
6
Let l = 6 + -1. Suppose l*v - 16 = v. What is the highest common divisor of v and 44?
4
Let f be 2*2/(12/9). Suppose 2 = 2*k, -4*d = 5*k - 9 - 104. Calculate the greatest common factor of f and d.
3
Let f(b) = b + 15. Let a be f(-7). Let l(h) = h**2 - h + 1. Let g be l(-6). Let x = g + -23. What is the greatest common divisor of a and x?
4
Let l(z) = 2*z + 8. Suppose -2*s - 15 = -5*o 